7*x + 44. Suppose 0*c = 2*b - 3*c - 23, 2*c = 3*b - 47. List the prime factors of f(b).
2, 7, 13
Let x(f) = 4*f + 0 + 9 + f**2 - 1 - 16. Let g be x(-7). Suppose g*k - 1520 = 3*k. What are the prime factors of k?
2, 19
Let l be 0/(-3 + 2) - 0. Suppose p + 3*p = l. Suppose -4*n = -p*n - 16, 0 = -u - 4*n + 107. List the prime factors of u.
7, 13
Let n(a) = 21*a**3 + 4*a**2 + 14*a. Let f(z) = -z**3 + z - 2. Let j(s) = 5*f(s) - n(s). List the prime factors of j(-3).
683
Let z(c) = 6*c - 6*c + 1 - 383*c**2 + 7*c. Let q be z(-1). Let y = q + 547. List the prime factors of y.
2, 79
Suppose -7387 = -14*u + 4149. Suppose 2*y + 112 - u = -j, 0 = 2*y + 4. List the prime factors of j.
2, 179
Let l = -136 + 130. Let s(j) = -4*j**3 + 4*j**2 + 12*j + 12. List the prime factors of s(l).
2, 3, 79
Suppose 104*n - 641040 = 24*n. What are the prime factors of n?
3, 2671
Let z = -35058 - -65707. What are the prime factors of z?
30649
Let l(b) = 86*b + 80. Let n be l(12). Let i = n + -406. List the prime factors of i.
2, 353
Let c = 63 - 63. Suppose 27*x - 18*x - 1017 = c. What are the prime factors of x?
113
Let v be 4/70 - 1396/(-70). List the prime factors of (-341)/220*-178 - (-2)/v.
2, 3, 23
Let a be 7315 + (-14)/(-3)*54/63. Suppose -6*n + 2431 = -a. Suppose 8*u - n = 31. List the prime factors of u.
3, 23
Suppose 155543 = 19*a - 162441. List the prime factors of a.
2, 523
Let g(u) = 6*u**3 - 14*u**2 - 18*u - 52. What are the prime factors of g(15)?
2, 8389
Let f = 104 + -88. Suppose 8*s - 4*s + f = 0. What are the prime factors of ((-6)/(-3))/2 - s?
5
Suppose 62*k - 129258 - 539081 = 26991. List the prime factors of k.
5, 2243
What are the prime factors of (-84)/140*10/(-3)*5002/4?
41, 61
Suppose 0 = -52*p + 19*p + 754357 + 321212. List the prime factors of p.
11, 2963
Let z = 959 - -1420. What are the prime factors of z?
3, 13, 61
Let l(i) be the second derivative of 143*i**3/3 - 63*i**2 + 320*i. What are the prime factors of l(7)?
2, 7, 67
Let k be 1 - -1082*-5*(-4)/8. Suppose -6*t + t = y - k, 1092 = 2*t - 2*y. List the prime factors of t.
2, 271
Suppose -6*i = -5 - 19. List the prime factors of (-67 - -5)*((-6)/3)/i.
31
Let f(r) = -6 - 4 + 0 + 84*r. Suppose -54 = 74*m - 101*m. What are the prime factors of f(m)?
2, 79
Let v(n) = -11*n**3 - 9*n**2 + 7*n + 11. Let x be v(-5). Let g = x - 207. List the prime factors of g.
919
Suppose -3*n + 0*n = -6. Suppose 3*w - 8 = -4*r, -2*w + 18 = 2*w - 2*r. Suppose 2*v - w*v - 3*p = -63, 0 = n*v + p - 69. What are the prime factors of v?
2, 3
Let b(y) = 4903*y**2 + 74*y + 80. List the prime factors of b(-1).
4909
Let h(d) = -d**3 - 5*d**2 - 11*d - 29. Let i be h(-4). List the prime factors of (-22763)/(-130) - i/(-10).
5, 7
Let k be (-34510)/319 - (2/(-11) - 0). Let g = 2 - k. What are the prime factors of g?
2, 5, 11
Let y(h) = -4 + 0 + 1 - 13*h - 3. Let r(n) = -27*n - 12. Let b(f) = 6*r(f) - 10*y(f). What are the prime factors of b(-3)?
2, 3, 7
Let b be 2 - -3 - ((3 - 0) + 0). Suppose -w = -4*s - 97, -575 = -5*w + b*s - 0*s. Let m = w + 47. What are the prime factors of m?
2, 41
Suppose 4*t = -167*g + 165*g + 9102, 0 = -g - 4*t + 4549. What are the prime factors of g?
29, 157
Let k = 4485 - 4538. Suppose 6 = 2*p + p. Let t = p - k. List the prime factors of t.
5, 11
Suppose -4*t - t + 506 = -b, -b + 100 = t. Suppose -2*c - 2*q + t = -159, -5*q = 2*c - 269. Let n = -117 + c. What are the prime factors of n?
2, 5
Suppose -33*f + 149156 = -40601 - 192119. What are the prime factors of f?
2, 11, 263
Let s = -31 - -31. Suppose w - 167 = -s. Let a = w - 100. What are the prime factors of a?
67
Suppose 2*h = -5*d - 16 + 3204, 3*h + 2*d - 4782 = 0. Suppose -h = -16*m + 3286. List the prime factors of m.
5, 61
Let i be (-49757640)/270 - 12/27. What are the prime factors of i/(-96) - (-2)/(-3)?
19, 101
Let q be (3*35/(-15))/(-1). Suppose -767 = q*y + 752. Let t = 351 + y. List the prime factors of t.
2, 67
What are the prime factors of -8 - -2 - 1 - (-12375 - 16/2)?
2, 7, 13, 17
Suppose 9*u = 5*u - 12. Let b(k) = 136*k**2 - 7*k - 18. List the prime factors of b(u).
3, 409
Let m = -1360 + 2311. Let w = m - 649. What are the prime factors of w?
2, 151
Suppose -2*f + q = -8, -6 = 3*f - 3*q + 6*q. Let x(p) = 5*p**2 - 3*p + 2*p + 4*p + 11*p**2 - 5. What are the prime factors of x(f)?
5, 13
Suppose 0 = k - 3*q - 65085, -5*k - 36659 = -q - 362140. List the prime factors of k.
3, 2411
Let i be 4008/30*(-3 - 7). Let h = -240 - i. List the prime factors of h.
2, 137
Let f(d) be the second derivative of d**5/20 - d**3/3 + 8*d**2 - 13*d. List the prime factors of f(5).
131
Let g = -242 + 244. Suppose 2681 = g*t - 0*r - 3*r, -3*t - r = -4049. What are the prime factors of t?
2, 337
Suppose 0 = 301*p - 299*p. Suppose 228 = d + 3*d. Suppose p = -2*l + 107 + d. What are the prime factors of l?
2, 41
Let i(r) = 95*r**2 - 21*r - 137. List the prime factors of i(-5).
3, 11, 71
Let z(j) = -8*j**2 - j + 3. Let r be z(-3). Let w = r - -68. Suppose 2*p - 236 = -w*c, -2*c + 224 = -0*c - 4*p. List the prime factors of c.
2, 29
Let n(o) = -4*o + 12*o - o + o**3 - 12*o**2 + 10 + 8*o. Let m be (-4)/14 + (-948)/(-84). What are the prime factors of n(m)?
2, 3
Suppose 18*k = 22*k. Suppose k*g + g = -56. Let s = g + 114. List the prime factors of s.
2, 29
Suppose 11*r + 23625 = 14*r + 3*o, 3*r - 23649 = 5*o. List the prime factors of r.
2, 3, 13, 101
Let v = -2 - -7. Suppose -4*c + 4*h + 7 = -v, -3 = -h. Let i(n) = 13*n - 14. What are the prime factors of i(c)?
2
Let x = 43916 - 25080. What are the prime factors of x?
2, 17, 277
Let q = 5170 - -2006. List the prime factors of q.
2, 3, 13, 23
Suppose 0 = -4*d - 4*g, -4*d = -7*d + 4*g. Suppose 24*t - t - 11960 = d. What are the prime factors of t?
2, 5, 13
Let l be -144 + (-5)/(-10) + (-10)/4. Let j be (-6)/(-1 - l/152). Let b = j + 11. What are the prime factors of b?
163
Let a(t) = 115*t**2 - t + 5. Let f(p) = 116*p**2 - p + 7. Let d(v) = 3*a(v) - 2*f(v). Let y be 5 + -2 - (-1 - -3). List the prime factors of d(y).
113
Let s = 12627 + 10471. What are the prime factors of s?
2, 11549
Let k = 117 - -10995. What are the prime factors of k?
2, 3, 463
Suppose -3*l + l + 31 = 5*x, x - 2 = l. Let s(y) = 7*y + 4*y - 15*y**2 - y**l - 10 + 9*y**2. What are the prime factors of s(-8)?
2, 3, 5
Let x(w) = -3*w - 8 + 160*w - 15*w - 4. Let y be x(-6). What are the prime factors of (-1)/(-5)*2 - y/15?
2, 29
Let b = -375 + 623. Let h = b + 166. What are the prime factors of h?
2, 3, 23
Suppose 5*y - 80801 = -2*h + 27699, -3*h = 3*y - 65091. What are the prime factors of y?
2, 3, 3617
Suppose 513107 = 67*p - 348398 - 13381. List the prime factors of p.
2, 6529
Let c be (-19)/114 + ((-91)/6)/(-7). List the prime factors of (-2394)/c*(8/(-3) - -2).
2, 3, 7, 19
Let o be (-4)/10 + 3/((-15)/(-472)). Let s = o + -89. Suppose -5*g = s*g - 930. What are the prime factors of g?
3, 31
Let s(m) be the first derivative of m**4/4 + 6*m**3 + 27*m**2/2 + m + 107. What are the prime factors of s(-16)?
3
Let o = 25960 + 15203. List the prime factors of o.
3, 13721
Let i(m) = m**3 + 6*m**2 - 16*m + 9. Let h be i(7). Suppose 314 = c + 4*x, -3*c - x + h = -419. Suppose -c = 15*f - 18*f. What are the prime factors of f?
2, 53
Let s = 1678 + 803. Suppose -3*k = -6, -4*k + 1591 + s = 4*m. List the prime factors of m.
2, 127
Suppose 5*k - 24 = 2*z, 3*z + 2*k + k - 6 = 0. Let i be (-1 - 6/(-2))/z. Let u(c) = 23*c**2 - 3*c - 1. List the prime factors of u(i).
5
Let a(h) = 8 + 62*h**2 + 2*h - 19*h**3 - 60*h**2 + 0*h**3. List the prime factors of a(-3).
13, 41
Let c(q) = q**3 - 17*q**2 + 5*q + 1. Let p be c(8). Let n = 1055 + p. What are the prime factors of n?
2, 5, 13
Suppose 117*v - 108*v - 1134 = 0. Suppose -2*n - 129 = -d, 3*d + 208 = 4*n + 601. Let b = d - v. What are the prime factors of b?
3
Suppose -2*p - n = -78361, -4*p + 4*n = -131439 - 25277. List the prime factors of p.
2, 3, 5, 653
Let n = -233 + 103. Let h = n - -937. What are the prime factors of h?
3, 269
Suppose -4*j + z + 98541 = 0, 4*z + 43 = 39. What are the prime factors of j?
5, 13, 379
Let w = -11668 + 17019. What are the prime factors of w?
5351
What are the prime factors of (490/4)/((-420)/(-1008))?
2, 3, 7
Let d(i) = -4*i**3 - i**2 + 4*i + 7. Let g be d(4). Let y = g - -3